
6
Let o(n) be the first derivative of 2/3*n**3 + 1/24*n**4 - 1 + 1/360*n**6 + 0*n + 0*n**2 + 0*n**5. Let p(b) be the third derivative of o(b). Calculate p(1).
2
Let v = -46 + 48. Let k(y) be the second derivative of -y + 2/3*y**3 + 0 + 1/20*y**5 + 5/12*y**4 + 3*y**v. Give k(-4).
6
Suppose 0 = -2*w - 4*u + 40, -4*w - 4*u + 100 = w. Suppose -3*q - w = q. Let p(j) = -j**3 - 4*j**2 + 4*j - 3. Calculate p(q).
2
Suppose 0 = -3*m + 4 - 1. Let n = 2 - m. Let z(h) = -n - h + 4 - 3*h. What is z(2)?
-5
Let l = -18 + 23. Let z(w) = -l*w - 8*w**2 + 7*w**2 + w + 8 + 3*w. Let f = -2 + 2. Give z(f).
8
Let l(n) = -8 + 4 + 11 + 2 - n. Give l(10).
-1
Let r(l) = l**2 + 3*l - 6. Suppose 11 = d + 4. Let a = -12 + d. Let f be r(a). Let t(v) = v**3 - 5*v**2 + 3*v - 3. What is t(f)?
-7
Let n(t) = 7*t + 0 - 8 - 3 - 9*t. Give n(-9).
7
Let h(w) = w + 4. Let c(x) = 2*x + 8. Let r(i) = 3*c(i) - 5*h(i). Determine r(-7).
-3
Let b(k) = k + 8. Suppose 0 = -3*c + a + 14, -2*a = -0*c + c - 14. Suppose -m = -c*m. What is b(m)?
8
Let o(g) = -3 - 16*g + 7 + 17*g. Let f = -16 + 10. What is o(f)?
-2
Let u(r) be the third derivative of -r**6/60 - r**5/30 + r**3/3 + 5*r**2 + 3. Let w = -1 + -1. Determine u(w).
10
Let z(r) = -6*r**2 - 9*r + 7 + 5*r - 2*r**3 + 5*r**3 - 2*r**3. Determine z(6).
-17
Let z(h) be the second derivative of h + 1/20*h**5 + 0 + 1/12*h**4 - 1/6*h**3 + 2*h**2. Give z(0).
4
Let r(g) = -g**2 + 2*g - 3. Suppose -5*u = -2*w - 4, 4*w = -2*u + 13 + 3. Let d = 7 - u. Let s(y) = -y**2 + 7*y - 7. Let z be s(d). Calculate r(z).
-6
Let x(t) = t**2 - 5*t - 6. Let g be x(6). Suppose c - 3 - 1 = g. Suppose c*u = -11 - 9. Let q(w) = -w**3 - 4*w**2 + 6*w - 3. Give q(u).
-8
Let l(a) = a - 9. Let r be l(13). Suppose -q - q - 2*s = -36, 3*s = 5*q - 66. Suppose -i - r*i + q = 0. Let y(v) = v**3 - 3*v**2 + v + 1. What is y(i)?
4
Let u(a) = a**3 + 7*a**2 + 6*a. Let o be u(-6). Let y(r) = -2 + 3*r + o*r**2 - r**3 + 2*r + 3*r**2 - 2*r. What is y(4)?
-6
Let l(w) = -w - 2. Let p be ((-8)/12)/(6/63). Let k(v) = v**3 + 7*v**2 + v + 10. Let s be k(p). Calculate l(s).
-5
Let r(t) = t + 8. Let x be r(-6). Let l(y) = 3*y + 2*y - x*y + 1 - 2*y. Give l(3).
4
Let t(r) be the second derivative of -1/6*r**3 - 7/2*r**2 + 1/20*r**5 - 8*r + 0 + 1/12*r**4. Give t(0).
-7
Let d(o) be the first derivative of -1 - 1/3*o**3 - 1/2*o**2 + 6*o. Give d(0).
6
Let y(x) = -2*x**2 + 2*x + 2. Let o(i) = i**2 - i - 3. Let s(u) = 3*o(u) + 2*y(u). Let v(t) = -t**2 - 19*t - 18. Let m be v(-18). Calculate s(m).
-5
Let m(i) = -193 + 193 + i + i**2 + 6*i**3. Calculate m(-1).
-6
Let z be 2/12*24/16. Let i(o) be the first derivative of -7*o - 5/3*o**3 + 2 - z*o**4 - o**2. What is i(-5)?
3
Let l = 5 + -9. Let b be l/8 + (-10)/(-4). Let k(d) = -6 + 4 + d + d**b + 3*d**3 - 4*d**3. Determine k(2).
-4
Let u(l) = 11*l + 3. Let y(j) = -j. Let k(g) = u(g) + 6*y(g). What is k(3)?
18
Let q be 4*2*15/(-20). Let i(a) = -a + 2. Give i(q).
8
Let p be 1*(1*-1 - -6). Let v(z) = 3*z**2 - 4*z + 9. Let r(w) = 13*w**2 - 15*w + 37. Let g(a) = 2*r(a) - 9*v(a). Give g(p).
-2
Let d(w) = w**3 + w**2 - 7*w - 1. Let h be d(-3). Let t(m) = -m**3 + 2*m**2 - 2*m - 2. Give t(h).
-6
Let k(c) be the second derivative of c**7/630 + c**6/240 + c**4/6 + 2*c. Let b(r) be the third derivative of k(r). Give b(-2).
10
Let a(g) be the third derivative of -g**8/6720 + g**7/504 + g**6/144 + g**5/30 + g**4/8 - g**2. Let w(z) be the second derivative of a(z). What is w(6)?
-2
Let w(y) = -4*y - 1. Suppose i = -b + 2, -b + 3 - 11 = -4*i. What is w(i)?
-9
Let s(w) = -w + 1. Let k = 1 - 1. Let r be -2*2*(k + -1). Suppose 3 = -4*o + r*m - 1, 4*o - 5*m + 4 = 0. Calculate s(o).
2
Let g(p) = p - 7. Let k(v) = v + 12. Let i be k(-6). Give g(i).
-1
Let w(r) be the first derivative of -4*r - r**2 - 2*r + 11*r + 4. What is w(5)?
-5
Suppose -4*y - 4*h = 18 + 14, 4*h = -y - 5. Let b(a) = a**3 + 8*a**2 - 7*a + 8. Calculate b(y).
-10
Let s(l) be the first derivative of l**4/4 - 2*l**3/3 - 3*l**2/2 + l - 1. Suppose 7 = 6*p - 5. Calculate s(p).
-5
Let k(y) = 3*y**3 + y**2 + y - 14. Let n(m) = -4*m**3 - m**2 - m + 15. Let j(a) = -5*k(a) - 4*n(a). Let u(g) = 6*g - 36. Let t be u(6). Give j(t).
10
Let z(a) = a**3 - 2*a**2 - a - 1. Suppose -5*j + 2*q = 23, 0 = -3*j + 4*q - 17 - 8. Let t be (-2 + -1)/3 - j. Let p(h) = h + 1. Let v be p(t). Calculate z(v).
5
Suppose -40 + 15 = -5*k. Let h(c) = c - 1. Determine h(k).
4
Let r(d) = 12*d**3 - 9*d**2 - 7. Let n(t) be the second derivative of 3*t**5/10 - t**4/3 - 3*t**2/2 - 4*t. Let b(u) = -9*n(u) + 4*r(u). Give b(1).
-7
Let r(x) = -5*x**2 + 10*x + 5. Let n(i) = i**2 - i - 1. Let k(a) = 6*n(a) + r(a). Give k(-3).
-4
Let c(g) be the second derivative of -g**4/12 - g**3/6 - g**2 - 29*g. Determine c(3).
-14
Let t(h) = -h**2 + 5*h + 4. Let s(i) = 12 - 3 - i + 7*i + i**3 - 8*i**2. Let g be s(7). Suppose 5*j + 5 = 0, -4*j + 8 = g*n - 2*j. Give t(n).
4
Let b(d) = 2 - d**2 + 0*d + 0*d + 4*d. Suppose 13*z + 20 = 98. What is b(z)?
-10
Let h(r) = -7*r**3 - r**2 + 4. Let a(w) = 15*w**3 + 2*w**2 - 10. Let z(g) = 2*a(g) + 5*h(g). What is z(1)?
-6
Let i(d) = 0 - 7*d + 4 - 6 + 1. Give i(-1).
6
Let c(b) be the first derivative of -35*b**3/3 + b - 29. Give c(1).
-34
Let d(o) = -o + 3. Let n(q) = -q**2 - 7*q + 11. Let i be n(-9). Let t = i + 10. Give d(t).
0
Let z = 60 + -57. Let g(l) = l**3 - 2*l**2 - 3*l + 4. Give g(z).
4
Suppose -6*f - 6 = -3*f. Let b(d) = 4*d - 3 - d**3 - 3*d + 2*d**2 - 5*d**2 - 4*d. Calculate b(f).
-1
Let c = 21 - 12. Let n = c + -14. Let v(k) = k + 10. Determine v(n).
5
Suppose c - 2 + 0 = 0. Let n(o) = o**2 - 3*o + 3. Calculate n(c).
1
Suppose -2 = 2*q - 6. Let s(y) be the third derivative of y**5/60 - y**4/24 - 2*y**2. Let j be s(q). Let a(o) = -3*o + 3. Calculate a(j).
-3
Let f(g) = -g**3 - 7*g**2 - 6*g. Let r be 15/2*(-8)/12. Let h = r + -1. Determine f(h).
0
Let g = -130 + 123. Let z(x) = 2*x + 2. What is z(g)?
-12
Let v(j) = -j**2 + j + 1. Let t(f) = f**2 + 4*f + 2. Let p = -4 + 1. Let l be t(p). Give v(l).
-1
Let i(v) = -6*v - 1. Let x = -2 - -3. Let s be 1*(-3 + 4/x). Determine i(s).
-7
Suppose 8 = 4*h, -3*i + 0*h + 2*h = 28. Let w(v) = 5*v**3 + 15*v**2 - 11*v - 17. Let x(u) = 2*u**3 + 5*u**2 - 4*u - 6. Let f(g) = i*x(g) + 3*w(g). What is f(4)?
9
Let h(d) = 3*d - 2*d**2 - 1 - 4*d**2 + 13*d**3 - 14*d**3 + 3*d**2. Determine h(-4).
3
Suppose 4*f + 15 = 7*f. Let b(p) = p**3 - 5*p**2 - p + 7. Let v be b(f). Let m(n) = n**2 + 2*n - 3. What is m(v)?
5
Let i(g) be the second derivative of 3*g**4/4 - g**3/6 - 36*g. Determine i(1).
8
Let i(h) = -12*h**2 + 2*h - 1. Let g(b) = 2*b + 6. Let k be g(-4). Let t be (-10)/(-5)*k/(-4). What is i(t)?
-11
Let k(y) = 1 - 5*y**2 + y + 3*y**3 - 2*y**3 + 1 + 1. Give k(4).
-9
Let y be (-1)/5 - 21/(-5). Suppose 8 = y*s - 8. Let w(g) = 2*g - 1. Give w(s).
7
Suppose -2*d = -4*d. Let i(o) = 6*o**3 + o**2 - 4*o + 8. Let f = 11 - 6. Let v(n) = 7*n**3 + n**2 - 5*n + 9. Let r(j) = f*v(j) - 6*i(j). What is r(d)?
-3
Let u be (-2)/4*4 - -1. Let y(l) = 1 + 3*l - 3*l - 5*l. What is y(u)?
6
Let g(y) = -y**2 + 3*y - 3. Let q be g(3). Let j be q + 3 + 2/1. Let b(m) = -1 + 4*m + 2*m**2 - m - j*m. Calculate b(-2).
5
Let h(r) be the third derivative of 2*r**2 + 0 - 1/12*r**4 + 0*r - 1/60*r**5 + 0*r**3. Let m be (-1)/3 + (-7)/(-3). Determine h(m).
-8
Let n(p) = p**3 - 6*p**2 + 0*p**2 - 3*p - 7 + 10*p. Let o = -3 + 7. Suppose k = o*k - 15. What is n(k)?
3
Let n(b) = -b + 3. Let z(x) = 3*x - 7. Let r(u) = -13*n(u) - 6*z(u). Let h = 6 + -4. Suppose 0*i = i - h. Calculate r(i).
-7
Let y(p) = 3*p - 3. Let v = 16 - 27. Let j be (-24)/v - (-8)/(-44). What is y(j)?
3
Suppose -4*f + 7 = -9. Let h(n) be the third derivative of 0 + 1/2*n**3 + 0*n - 2*n**2 - 1/24*n**f. Give h(0).
3
Let t(s) = s**3 + 9*s**2 + 8*s - 1. Let w be t(-8). Let q(r) = -2*r**2 - 2*r + 5. Let v(i) = -1. Let c(l) = w*q(l) - 4*v(l). What is c(-2)?
3
Suppose 2*f + 2 = -8. Let u = -3 + 6. Let l(r) = 6*r**2 - 2 + r - 4*r + 7*r + r**u. Determine l(f).
3
Suppose -1 = 3*d + 3*c - c, 7 = -5*d + 2*c. Let z(o) = 6*o**3 - 2*o**2 + 1. Calculate z(d).
-7
Let a be (2/(-8))/((-4)/16). Let w(i) be the third derivative of i**6/60 + i**5/60 + i**4/24 - i**3/6 - 4*i**2. What is w(a)?
3
Let p(a) = -a**2 - a + 7. Let m = -9 - -3. Let s = m + 1. Calculate p(s).
-13
Let w(d) = -2*d - 1. Sup